s of z?
2, 3, 7
Let i(u) = u**3 - 5*u**2 - 92*u + 28606. What are the prime factors of i(0)?
2, 14303
Let q = -50 - -60. Let k(s) = 98*s - 18. What are the prime factors of k(q)?
2, 13, 37
Let d(m) = m**2 + 9*m + 5. Let c be d(-9). Let i(a) = 2*a**2 + 3*a - 3. Let k be i(c). Let t = k - -3. List the prime factors of t.
5, 13
Let g = 239 - 627. Let f = 47 - g. What are the prime factors of f?
3, 5, 29
Let n = -22680 - -71171. List the prime factors of n.
48491
Let a(g) = -g**2 - 12*g - 20. Let q be a(-9). Let z be (21/q)/((-3)/(-127)). Suppose 2*s = 439 - z. What are the prime factors of s?
2, 3, 13
Let g(z) = -61*z**3 + 6*z**2 + 34*z + 121. List the prime factors of g(-5).
2, 3863
Let o be -5 + (-6)/(-5) + 7656/(-330). Let j(k) = 23*k + 8*k**2 + k**3 + 55 + 20*k**2 - 8. What are the prime factors of j(o)?
5, 31
Let l(g) = 571*g**2 + 44*g - 282. What are the prime factors of l(-12)?
2, 3, 4523
Suppose 5*r = -25, -4*g - 5*r - 105415 = -6*r. What are the prime factors of (7 + -1)/(15/(g/(-14)))?
3, 251
Suppose -5*h + 55 - 270 = 0. Let t = h + -21. Let q = -18 - t. What are the prime factors of q?
2, 23
Suppose 0 = 3*j + 2*k - 21, j - 1 = -3*k + 13. Suppose -2*c - 2*f + 376 = 0, -j*c - 3*f = -f - 952. List the prime factors of c.
2, 3
Suppose 345*t = 347*t + x - 8074, 4051 = t - 3*x. List the prime factors of t.
7, 577
Let a(x) = 2*x**2 + 10*x - 17. Let k be a(-6). List the prime factors of 1 + 4 - (5 + k + -4).
3
Let k be ((-2)/(-4))/(-3 + 1462/488). List the prime factors of (k*2/(-12))/((-2)/(-18)).
3, 61
Let l(p) = p**2 - p + 10. Let v be l(-6). Let y = v - 55. List the prime factors of 1/((12/y)/(-120)).
2, 3, 5
Suppose 4 + 7 = 3*d - 2*k, -3*d - 3*k + 6 = 0. Let o(y) = 21*y - 147. Let m be o(7). Suppose d*q - 313 - 71 = m. What are the prime factors of q?
2
Suppose 2*d + 3*s = 14274, -2*s = -25*d + 23*d + 14254. List the prime factors of d.
3, 2377
Let r(i) = -2*i + 3. Let s be r(6). Let m(v) = 26*v + 69. Let j(y) = -77*y - 200. Let b(x) = 3*j(x) + 8*m(x). List the prime factors of b(s).
3, 53
Suppose 0 = -16*s + 13*s - 2064. Let u = s - -1153. What are the prime factors of u?
3, 5, 31
Suppose 4*t = 4*o - 8, -2*o - 5*t + 10 = -3*o. Suppose -o*s = 2*n - 3019, -2*s - 3*n + 1405 - 193 = 0. List the prime factors of s.
3, 67
Let k be 48/2 + 7 + -6. Let h be (3 + k/(-10))*-12. Let d = h - -51. What are the prime factors of d?
3, 5
Let y = -2511 - -24342. List the prime factors of y.
3, 19, 383
Suppose -2*n = 4*n - 96. Suppose -n*l + 2878 = -2914. What are the prime factors of l?
2, 181
Suppose 147*f - 1223413 = 46*f. List the prime factors of f.
12113
Let d = -40 + 66. Let o = 28 - d. What are the prime factors of (-3 + 0/o)/((-36)/1056)?
2, 11
What are the prime factors of (3 + 18660)/((-66)/(-22))?
6221
Let f = 123653 + -70217. List the prime factors of f.
2, 3, 61, 73
Suppose -2*f - 3*f - 25 = -5*h, 2*h - 1 = f. What are the prime factors of 1 + -6 - (-307 - f)?
293
Suppose -77*i - 88 = -78*i. Let o = -3 + i. List the prime factors of o.
5, 17
Let r(m) = 13*m**2 - m - 42. Let c = -392 - -386. What are the prime factors of r(c)?
2, 3
Let v(u) = -12*u**2 + 69*u - 473. Let m(c) = 6*c**2 - 34*c + 237. Let d(y) = 9*m(y) + 4*v(y). List the prime factors of d(12).
5, 149
Suppose 945 = s - 1609. Suppose -7*z = -2374 - s. List the prime factors of z.
2, 11
Let v be -4*(3 + (-8)/2). Let j be (140/(-25))/(1*v/(-50)). Let y = -52 + j. What are the prime factors of y?
2, 3
Let a(n) = -n**3 - 15*n**2 - 3*n + 16. Suppose -14*o + 2*o - 192 = 0. Let j be a(o). What are the prime factors of 1*(-4)/(-6) + j/24?
2, 7
Let h be ((-120)/15)/(-3 - -2). Suppose -38 = -h*g + 226. What are the prime factors of g?
3, 11
Let d(c) = 2*c + 26. Let f be d(-15). Let z be 36 + 3 + (f - -2). Let w = z + -19. What are the prime factors of w?
2, 3
What are the prime factors of (-1)/(0 - -5) - 26362466/(-6305)?
37, 113
Let l = -112 + 114. Suppose 3*h + 261 - 2820 = 3*w, -1710 = -l*h + w. List the prime factors of h.
857
Suppose -6064473 = -194*f - 93*f - 1351646. List the prime factors of f.
16421
Let k(n) = -571*n + 1066. List the prime factors of k(-13).
13, 653
Suppose -2286*k + 2291*k - 111780 = 0. List the prime factors of k.
2, 3, 23
Let h = -8993 + 20114. List the prime factors of h.
3, 11, 337
Let x = -2134 + 4038. Suppose 3*v - x = 703. What are the prime factors of v?
11, 79
Let x(f) = 10*f - 1 - f**2 + 10*f - 38*f + 12*f. Let l be x(-5). Suppose -2*p = 5*n - 33, -4*n + 36 = l*p - 0*n. List the prime factors of p.
2
Let r(w) = 47*w - 87. Suppose -49 = 3*p - 73. What are the prime factors of r(p)?
17
Suppose 0 = 21*p - 23*p + 5*c + 92, -4*c = p - 46. Suppose 0 = p*q - 54*q + 12440. What are the prime factors of q?
5, 311
Let k = -98 - -94. List the prime factors of -11 + 10 - (-725 - k).
2, 3, 5
Let s be (-16531)/(-11) + 28/154. Let i = s - 906. List the prime factors of i.
3, 199
Let g(s) = -s**2 + 8*s - 12. Let l be g(6). Suppose l = -2*u + 6, u + 1596 = 2*p + 3*u. List the prime factors of p.
3, 5, 53
What are the prime factors of (-333914)/(-21)*1 - (-1)/3?
15901
Let m = -90 + 95. Suppose 2*d + m*u - 160 = -d, -d + 80 = -5*u. Suppose -2*w = -d + 18. List the prime factors of w.
3, 7
Let y be 2 + 13 - (11 - 5). Suppose -11*p + y*p = f - 1337, f = 5*p - 3325. List the prime factors of p.
2, 3, 37
Let x be -6*(-7)/((-21)/(-2))*-16. Let t(s) = 7*s**2 + s + 10. Let j be t(4). Let o = j + x. List the prime factors of o.
2, 31
Suppose 5*j + 2*c = 4065, j - 2*c = -j + 1612. Suppose j = 12*z - 6065. List the prime factors of z.
3, 191
Let x be -30*(-2 + 3 + 0). Let t = x + 123. List the prime factors of t.
3, 31
Suppose -56 = 4*p + 4*d, d + 32 = 5*p + 102. Let u = -6 + 4. What are the prime factors of (-360)/(-14) + u - 4/p?
2, 3
Let h(l) = 3*l**2 - 25*l + 584. What are the prime factors of h(-72)?
2, 19, 59
Suppose 3*f - 653 = 112. Let v be 2/(-14) + (-2420)/14. Let t = v + f. List the prime factors of t.
2, 41
Let b = -9 + 15. Let p be b/4 - 10/(-20). Suppose -v + 2 = 3*f, p*v = v - f + 12. List the prime factors of v.
17
Let y(d) = 271*d**2 - 80*d + 409. List the prime factors of y(5).
2, 53
Let w = -2336 + 9341. Suppose -f = 3*f - 4*k - 5604, -5*f + 4*k = -w. List the prime factors of f.
3, 467
Let d(q) = -q**3 - 20*q**2 + 31*q - 35. Let y be d(-24). Suppose 18*x - 11353 = -y. List the prime factors of x.
2, 3, 7, 13
Suppose -4*w + 10 = -2*w. Suppose -15*o = -w*o - 1280. What are the prime factors of o?
2
List the prime factors of (15018/(-8))/(495/88 + -6).
2, 2503
Suppose -4*b + 10*f = 7*f - 155, -2*b - 5*f = -45. Suppose -473 + 1593 = b*u. List the prime factors of u.
2
Let l(o) = -o**3 - 8*o**2 + 12*o - 1. Suppose i + 3*i - 194 = -2*n, 4*i + 3*n - 197 = 0. Let t = -58 + i. What are the prime factors of l(t)?
2, 5, 23
Suppose 3318 = -k + 8*k. Suppose 3*r = 2*m + 1255, -2*r + 4*m + k = -376. List the prime factors of r.
5, 83
Let k = 3 + -3. Suppose 5*z - 1600 = -k*z - 5*q, 2*z - 675 = 5*q. What are the prime factors of z?
5, 13
Let n(p) = p + 4. Let y be n(-16). Let t(f) = -8*f - 3*f - 2*f - 22 + 0*f. List the prime factors of t(y).
2, 67
Let u(s) = -s**2 - 31*s + 68. Let o be u(-33). Let r(p) = 23*p + 2. Let z be r(-2). What are the prime factors of 6*(z/(-6) - o)?
2
Suppose -35*q = -39*q - 3084. Let a = -270 - q. What are the prime factors of a?
3, 167
Let v(t) = 13*t**2 + 4*t - 30. Suppose 0*u - 3*u = -24. Suppose 6*j - 4*j - u = 0. What are the prime factors of v(j)?
2, 97
List the prime factors of (14/10 - -1)*(-507 + 3242).
2, 3, 547
Let w(v) = -15*v - 25. Let s be w(0). Let f = s - -718. What are the prime factors of f?
3, 7, 11
List the prime factors of 1/3 + ((-4)/(-6))/(74/4931693).
2, 3, 5, 1481
Let g(d) = 6*d**3 + 93*d**2 + 23*d. List the prime factors of g(-11).
2, 11, 137
Suppose 2*h + x - 97872 = 0, 4*x = h + 14244 - 63189. List the prime factors of h.
7, 6991
Let r(g) = 12*g**2 - 80*g + 2. What are the prime factors of r(-73)?
2, 5, 7, 997
Suppose 4*w = 22 + 22. Let q(n) = n**2 - 3*n - 26. Let u be q(w). Suppose 5*l - 122 = -5*f + f, -2*f = 3*l - u. List the prime factors of f.
2, 7
Let y be 50/13 + -10*2/(-130). Suppose 0 = -y*k + 234 + 2054. What are the prime factors of k?
2, 11, 13
Let u(w) = 13*w**2 - 59*w - 630. List the prime factors of u(-36)